ultiple of 4?
True
Is 7905158 a multiple of 19?
False
Does 186 divide 95232?
True
Does 166 divide 135954?
True
Is 98 a factor of 353878?
True
Is 117 a factor of 204717?
False
Is 4866120 a multiple of 30?
True
Is 71055 a multiple of 8?
False
Is 116 a factor of 57388?
False
Is 14 a factor of 88774?
True
Is 76448 a multiple of 17?
False
Does 15 divide 98025?
True
Is 52126 a multiple of 34?
False
Is 665574 a multiple of 46?
True
Does 11 divide 87912?
True
Does 34 divide 634100?
True
Is 79 a factor of 614620?
True
Is 7 a factor of 160828?
False
Does 10 divide 222200?
True
Does 533 divide 415640?
False
Is 42 a factor of 276559?
False
Is 246070 a multiple of 11?
True
Is 8 a factor of 6446847?
False
Does 30 divide 220701?
False
Does 40 divide 879125?
False
Does 5 divide 616555?
True
Does 674 divide 1966587?
False
Is 2235 a multiple of 5?
True
Is 772256 a multiple of 32?
True
Is 75 a factor of 62648?
False
Does 449 divide 17511?
True
Is 111 a factor of 8492721?
True
Is 10570302 a multiple of 453?
True
Is 9 a factor of 2444508?
True
Is 36 a factor of 1048936?
False
Does 13 divide 426426?
True
Does 7 divide 397292?
True
Does 47 divide 769283?
False
Is 1323410 a multiple of 712?
False
Is 52 a factor of 2748?
False
Does 15 divide 2179200?
True
Is 883736 a multiple of 737?
False
Is 12385 a multiple of 2?
False
Is 1415176 a multiple of 296?
True
Is 8247349 a multiple of 196?
False
Is 2091312 a multiple of 206?
True
Does 38 divide 310992?
True
Is 1473431 a multiple of 5?
False
Is 63864 a multiple of 3?
True
Is 606382 a multiple of 14?
True
Is 602 a factor of 8737953?
False
Is 486704 a multiple of 19?
True
Is 15 a factor of 55455?
True
Is 538 a factor of 34129106?
True
Is 118 a factor of 562277?
False
Is 51 a factor of 169587?
False
Is 252052 a multiple of 5?
False
Does 63 divide 1662759?
True
Does 101 divide 6422130?
False
Does 26 divide 420587?
False
Does 462 divide 1100613?
False
Does 403 divide 720196?
False
Is 105 a factor of 31422?
False
Does 43 divide 86903?
True
Does 4 divide 2145921?
False
Does 5 divide 63959?
False
Is 17 a factor of 10880?
True
Does 15 divide 1453650?
True
Is 102180 a multiple of 13?
True
Is 12 a factor of 1224?
True
Is 16040572 a multiple of 220?
False
Is 7 a factor of 144116?
True
Is 5 a factor of 67075?
True
Is 23075820 a multiple of 27?
True
Is 360978 a multiple of 666?
False
Is 2 a factor of 21827?
False
Does 431 divide 56531?
False
Is 44707 a multiple of 2?
False
Is 132349 a multiple of 33?
False
Is 159 a factor of 259692?
False
Is 1002750 a multiple of 175?
True
Is 198 a factor of 407484?
True
Is 714058 a multiple of 437?
True
Does 18 divide 712239?
False
Is 114152 a multiple of 76?
True
Is 147114 a multiple of 33?
True
Does 122 divide 125420?
False
Is 33 a factor of 522786?
True
Does 18 divide 657720?
True
Is 460503 a multiple of 171?
True
Is 9910944 a multiple of 288?
True
Is 7313974 a multiple of 58?
True
Is 48 a factor of 404754?
False
Does 18 divide 2588076?
True
Is 1659762 a multiple of 144?
False
Does 51 divide 716397?
True
Does 10 divide 27470?
True
Is 71 a factor of 5355493?
False
Is 371 a multiple of 15?
False
Is 689156 a multiple of 29?
True
Is 246 a factor of 17796350?
False
Is 455876 a multiple of 12?
False
Is 298840 a multiple of 3?
False
Does 35 divide 3897717?
False
Is 2 a factor of 415406?
True
Is 46 a factor of 40250?
True
Is 34408 a multiple of 136?
True
Is 31 a factor of 1054806?
True
Is 94 a factor of 7678909?
False
Is 4271300 a multiple of 275?
True
Is 17 a factor of 88060?
True
Is 6211118 a multiple of 852?
False
Is 487178 a multiple of 3?
False
Does 43 divide 5271800?
True
Does 169 divide 244881?
True
Is 233 a factor of 1125889?
False
Is 12 a factor of 5774807?
False
Is 25 a factor of 681225?
True
Is 96 a factor of 176284?
False
Is 96775 a multiple of 26?
False
Is 97 a factor of 17005390?
False
Is 1578625 a multiple of 16?
False
Is 1349099 a multiple of 5?
False
Is 211951 a multiple of 190?
False
Does 10 divide 1239900?
True
Is 5869051 a multiple of 424?
False
Is 143 a factor of 670883?
False
Is 5666918 a multiple of 25?
False
Is 9500952 a multiple of 5?
False
Is 111 a factor of 9839112?
False
Is 21 a factor of 299068?
False
Is 8 a factor of 5570?
False
Is 5470752 a multiple of 1163?
True
Does 66 divide 2832126?
True
Is 453 a factor of 1182518?
False
Is 20367074 a multiple of 10?
False
Is 632 a factor of 2116568?
True
Is 756000 a multiple of 8?
True
Is 3173002 a multiple of 315?
False
Is 164 a factor of 14268?
True
Is 8 a factor of 300000?
True
Is 7 a factor of 92457?
False
Is 5714069 a multiple of 555?
False
Is 109902 a multiple of 8?
False
Is 9 a factor of 56250?
True
Does 891 divide 1006613?
False
Does 622 divide 2257132?
False
Is 50 a factor of 61211?
False
Is 59741 a multiple of 35?
False
Does 47 divide 488168?
False
Does 20 divide 97066?
False
Is 260 a factor of 5476602?
False
Is 5448798 a multiple of 12?
False
Is 149435 a multiple of 121?
True
Is 994536 a multiple of 36?
True
Is 301 a factor of 659863?
False
Is 42 a factor of 752052?
True
Is 297 a factor of 1112855?
False
Is 755286 a multiple of 42?
True
Is 16 a factor of 2345304?
False
Is 29 a factor of 93314?
False
Is 20 a factor of 22110?
False
Is 8 a factor of 196173?
False
Is 6965920 a multiple of 32?
True
Is 59262 a multiple of 17?
True
Is 150 a factor of 31800?
True
Is 434792 a multiple of 17?
True
Is 14 a factor of 175028?
True
Is 24 a factor of 12420510?
False
Does 101 divide 119584?
True
Does 228 divide 3479964?
True
Is 4066185 a multiple of 146?
False
Is 788 a factor of 330960?
True
Is 23 a factor of 1005061?
False
Is 387 a factor of 5636018?
False
Does 4 divide 9886?
False
Does 622 divide 2283984?
True
Does 944 divide 169920?
True
Does 733 divide 22529488?
True
Does 493 divide 114376?
True
Does 30 divide 155130?
True
Does 297 divide 121345?
False
Is 43 a factor of 1236164?
True
Is 2097865 a multiple of 32?
False
Does 4 divide 22538?
False
Is 426008 a multiple of 15?
False
Does 1761 divide 12380506?
False
Is 81 a factor of 139941?
False
Does 4 divide 8096?
True
Is 329 a factor of 6779392?
False
Is 7558243 a multiple of 28?
False
Is 5 a factor of 43018?
False
Is 9 a factor of 2701748?
False
Is 5 a factor of 144279?
False
Does 22 divide 2695858?
True
Is 1826 a factor of 1871118?
False
Is 4009698 a multiple of 7?
True
Is 18 a factor of 334386?
True
Is 137 a factor of 52971?
False
Does 15 divide 157560?
True
Does 45 divide 18058?
False
Does 5 divide 695655?
True
Is 93 a factor of 54405?
True
Does 3 divide 48288?
True
Is 854814 a multiple of 5?
False
Is 506548 a multiple of 14?
True
Is 3 a factor of 26895?
True
Is 82728 a multiple of 383?
True
Is 367 a factor of 449942?
True
Is 82 a factor of 301186?
True
Is 47 a factor of 5533545?
True
Does 34 divide 139484?
False
Is 73232 a multiple of 25?
False
Is 997 a factor of 4462572?
True
Is 2448274 a multiple of 122?
False
Is 149708 a multiple of 145?
False
Does 13 divide 197431?
True
Is 26 a factor of 1662375?
False
Does 26 divide 4542278?
True
Does 8 divide 504569?
False
Does 8 divide 26864?
True
Is 6168370 a multiple of 2063?
True
Does 10 divide 85930?
True
Is 39 a factor of 23268102?
True
Is 22 a factor of 152856?
True
Is 11511843 a multiple of 38?
False
Is 511140 a multiple of 7?
True
Does 56 divide 851088?
True
Is 99 a factor of 107811?
True
Does 136 divide 852992?
True
Is 27 a factor of 27918?
True
Does 134 divide 2948?
True
Is 580 a factor of 7619071?
False
Is 39 a factor of 932808?
False
Is 16 a factor of 5739367?
False
Does 100 divide 1450415?
False
Is 7710 a multiple of 15?
True
Is 140 a factor of 1638326?
False
Is 1558755 a multiple of 235?
True
Is 83080 a multiple of 20?
True
Does 14 divide 133417?
False
Does 239 divide 523537?
False
Is 600 a factor of 336000?
True
Is 12 a factor of 1270564?
False
Is 610348 a multiple of 18?
False
Is 160832 a multiple of 220?
False
Is 36 a factor of 737960?
False
Is 31 a factor of 1853587?
False
Is 643119 a multiple of 32?
False
Is 174 a factor of 85318?
False
Is 125640 a multiple of 90?
True
Is 1878570 a multiple of 45?
True
Does 125 divide 439342?
False
Is 19 a factor of 4102250?
False
Is 31821 a multiple of 606?
False
Does 37 divide 312745?
False
Is 1224030 a multiple of 17?
False
Does 51 divide 131711?
False
Is 3142246 a multiple of 111?
False